47
What is -4 - ((-31 - ((11 - -13) + -14)) + -7)?
44
Calculate 34 - 62 - (-12 + (6 - 6 - 1) + 6).
-21
Evaluate (0 + 2 - -9) + (38 + -13 - 88).
-52
Calculate 125 - ((15 - 23) + 24 - (8 + (6 - 2))).
121
What is 99 + -132 + 2 + 0 + (-5 - -15)?
-21
Calculate 25 + -3 - (79 + -166 - -83).
26
Calculate 0 - 67 - (60 + (-51 + -23 - 2)).
-51
Evaluate 98 + -3 + (32 - 2 - (-83 + 94)).
114
Calculate 63 + 4 - (170 + -63).
-40
(19 - -38 - 13) + -4
40
Calculate -43 - (12 + 50 + -157).
52
Evaluate -120 - (-106 - -222 - 225).
-11
Evaluate -28 + -12 + -6 + (5 - -1) + 2.
-38
What is 3 - -1 - ((16 - 13) + 17) - (-559 - -543)?
0
Calculate 3 - (5 + -17 + 8) - 15.
-8
14 + (4 + 0 - 19) - -48
47
(-10 + -5 - (-11 + 0 + 15 + -12)) + -32
-39
-14 + (-10 - (-1 - 32) - 14)
-5
Calculate (-14 - (-11 - -3)) + (13 - 6) + -39.
-38
What is the value of -76 - ((-855 - -848) + 2 + (-1 - -1))?
-71
(5 - -20 - (-6 + 14)) + 58
75
What is the value of -89 - (-58 + -155 + 105)?
19
What is 19 - (-5 - 32 - (60 + -81))?
35
Evaluate (-1 - (13 - 12) - 11) + 1 + 23.
11
Evaluate (6 - (-139 - -23 - 49)) + -43.
128
Evaluate (-13 - (-2 + -1 + 3)) + (1378 - 1319).
46
What is the value of (-16 - -22) + 26 - 5?
27
What is the value of 1 + -2 - (-67 - -65) - (-14 - -4)?
11
What is the value of 23 - (-9 - (-29 + -22)) - -16 - -82?
79
-19 + (20 + -21 - (5 + -3))
-22
What is the value of 15 + -40 + (81 - -11)?
67
(-53 - (30 + -90)) + 0 + -15 - -30
22
What is the value of -19 + 145 + (-8 + 14 + 2 + 3 - 7)?
130
Evaluate (34 - (73 + -57 + 15)) + (-3 - -74).
74
What is (-17 + 30 - 9) + (-6 - (0 + 7 + -17))?
8
-62 - (-14 + -93 + 71)
-26
What is the value of (-198 - -186 - (-7 - -1)) + (0 - -51)?
45
What is the value of 24 + -11 + -3 + 15 + -8?
17
What is the value of -6 + 5 + -43 + 43?
-1
Evaluate 46 + 2 + (-212 - -207) + (-1 - 0).
42
What is the value of -16 + 52 + 7 + -133 + 42?
-48
What is the value of (6 - 5) + 8 - -2 - (29 + 26 + 78)?
-122
What is the value of -1778 + 1791 + 0 + -60?
-47
What is the value of 86 - -55 - ((3 - -2) + 24)?
112
What is -24 - (12 - -20 - 25 - (-1 + -2))?
-34
(0 - -17) + -12 - -41
46
What is -1 + -18 - (-53 + 67 - -8)?
-41
Evaluate -19 - ((-4 - 55 - 7) + 21).
26
(32 - (0 + 28)) + -6 + 16 + -74
-60
What is the value of -118 + -107 + 95 + (4 - -31)?
-95
What is 18 + (-16 - (-7 + 8 + -19))?
20
What is the value of (109 - -47 - 1) + -225?
-70
Calculate (-1 - -3 - -20) + (259 - 2 - 239).
40
Evaluate 371 + -246 - (-1 - -79).
47
Evaluate -21 + 2 + 376 + -362 - 55.
-60
What is 5 - (10 + -3 + 3) - ((40 - 37) + 20)?
-28
What is the value of 1 + (0 - -14) + -97 + 97 + -9?
6
-29 - -5 - (-710 - -673)
13
What is -11 + (26 - -87 - 116)?
-14
What is the value of (-23 + (-21 - 18) - -11) + -1?
-52
What is the value of -52 + (105 - 26) - (-5 - -10 - (1 + -1))?
22
What is -116 + 306 + -34 - 198?
-42
2 + -27 - (-1246 + 1201)
20
What is -63 + (51 - 12 - 17 - 5)?
-46
18 - (-1 + (-55 - (-7 + -6)))
61
What is the value of 0 + 11 + 4 - (-120 - (-100 + -23))?
12
3 - 23 - ((61 - 7) + -33)
-41
-93 - (64 + -69 + -82)
-6
What is the value of -23 + (-9 - (-37 + 22)) + (36 - 2)?
17
What is (5280 - 5338) + (71 - -1)?
14
Calculate -3 + 45 - (-96 + 168).
-30
What is the value of (-22 - -1) + 60 + -98 + 45?
-14
What is the value of (-101 - 34) + 100 - (-14 - 1)?
-20
What is the value of 33 + (-27 - -34) - (-38 + 52)?
26
What is (1 - 19) + 100 + -31 + 38?
89
What is the value of (-1014 - -1071) + (-17 - -1)?
41
Evaluate 38 - (-34 - (-140 - (65 - 31))).
-102
Calculate 20 + -55 + 29 + -3.
-9
Calculate -23 + (1 - 0) - (-275 - (-447 + 163)).
-31
Calculate (23 + -4 + (16 - (20 + 1)) - -4) + 0.
18
-2 + 19 - (-9 + -29) - (-2 + 0 - 7)
64
What is -17 + 36 + (78 + -60 - (4 + 0))?
33
Calculate -8 + 5 + 2 - -2 - (-60 + -3 + -9).
73
109 + -7 - (237 - 199)
64
Evaluate -6 - (-488 + 411 + 2 + 0 + 0 + 3).
66
What is 2 + 0 - (22 - (-17 - 4))?
-41
Evaluate 67 - (291 - 95 - -5).
-134
What is the value of (-28 - -72) + (10 + -9 + 3 - 0)?
48
(-71 + -153 - -117) + 173
66
What is 2 - (6 + -3) - (112 + 19 - 61)?
-71
-26 + (56 - (61 + -41)) - (0 + -49)
59
Evaluate -1 + 2 - (-8 - (-26 + 3 + -7 + -8)).
-29
(33 - 1) + (38 - (8 + 24) - 0)
38
What is the value of 5599 + -5637 + 68 + 0?
30
What is the value of 12 + -28 + 16 + 6 + (-1 - -21)?
26
Evaluate 34 - 2 - (135 + -81).
-22
Evaluate -3 - (27 + -38 + 38 + -24 + (-1 - -77)).
-82
What is the value of (-10 - -1) + 62 + -57 + -66 + -5?
-75
Calculate 8 - -2 - (-21 + (13 + -1 - -8)).
11
Evaluate -1213 - -1196 - (-6 - (-63 - -5)).
-69
What is 2 + 18 + 3 + -122 + 120 - (0 - 1)?
22
-1560 + 1677 - (66 - 0)
51
-1 - -9 - (86 + -84 - (-3 - 0))
3
(5 - (104 + (3 - (2 + -5)))) + (-699 - -693)
-111
What is the value of -56 - -150 - 15 - 73?
6
What is the value of (178 - 168) + -16 + -53?
-59
20 + (-11 - (-16 - -23)) + (2 - (-2 - -10))
-4
Calculate 14 - (-3 + 1 - 2 - -6) - (414 + -319).
-83
Calculate 13 + (48 - (160 + -45)) + (-2 - -2 - 9).
-63
What is 47 - ((-18 - (0 + -1)) + (-41 - -40))?
65
Evaluate 0 - (27 - (25 + 3)).
1
(945 - 991) + (-4 + 34 - 4)
-20
Evaluate -48 + 88 + 33 - 92.
-19
Calculate -1 + -2 + 5 + 26 + -36 + 38.
30
What is (-19 - (-30 - 9)) + 32 + -9?
43
(-41 - (36 - 54)) + -26
-49
-2 - (3 + -2) - (-3 + -4) - (451 - 449)
2
What is the value of 33 - (5 + -20) - (5 + -17)?
60
Calculate 52 - (0 + 6) - (-5 + -12 + 24).
39
Evaluate (42 - 32) + 6 + (32 - -3 - (28 - 21)).
44
(2 - 2 - (40 - 50) - 98) + 7 + -12
-93
Evaluate (-9 - 32) + 24 - -15 - 38.
-40
Evaluate -1 + (7 - (-38 - -88) - (2 + 1 - 4)).
-43
Calculate -15 + 4 + 20 - (0 - (-5 - 1)).
3
What is the value of -3 + (-125 - 3) + (-5254 - -5275)?
-110
What is the value of 10 + (-20 - -100 - 40)?
50
Calculate -7552 - -7513 - (-2 - 144).
107
What is the value of 1 - 20 - (49 + -53 - 19)?
4
Calculate -91 - ((274 - 289) + -5 + 7).
-78
Calculate -9 - -3 - (-57 - (-41 - -20)).
30
Calculate 8 - (-117 - -87 - (4 - 31)).
11
What is -32 - (-17 - ((15 - 35) + 7 + -1))?
-29
Calculate 103 + -163 + 80 - 91.
-71
What is (23 - (6 - (-14 - 9))) + -15 + 16?
-5
What is the value of 94 + -60 + (5 + -11 - -6)?
34
Calculate -455 - -356 - (-1 - 42).
-56
-7 + (17 - 10) - -24 - (-142 - -165)
1
Evaluate -10 + (71 + 3 - (10 - (13 + -5))).
62
What is -1 + -13 + (8 - (-2 - 10)) + 28?
34
What is 99 - (1 + -8) - (541 - 516)?
81
Calculate (-7 - (-53 + -10)) + 7 + 10 - 13.
60
-813 + 830 + (-5 - (-3 - -10))
5
-23 + (10 - 2) + (22 - 16) + -70
-79
What is the value of (0 - 72 - 2) + 2 + 12 + 42 + -46?
-64
Calculate (29 - -2 - 5) + 10 + -1.
35
Calculate 71 + 64 + -175 - 99.
-139
Evaluate -2 - -10 - -36 - (19 + -6 + 1).
30
Calculate 5 - (0 - -4 - (-610 + 599)).
-10
Calculate -97 + (-87 - -90) + -12 + 1 + 2 + 4.
-99
Calculate -7 - (-1 + 0) - ((-117 - -212) + -90).
-11
Evaluate (16 - 0) + -197 + 169 + (1 - -20).
9
Evaluate (18 - 6) + (-68 + 67 - (1 + 57)).
-47
What is 15 - (28 - 14) - (-42 + (6 - 8))?
45
(13168 - 13218) + (3 - 1)
-48
What is the value of (-17 - -70) + 4 - (8 + 0 + (-4 - 0))?
53
Calculate 42 + 21 - (213 + -184).
34
Evaluate -22 + (-97 - 3 - -166).
44
Calculate 82 + 5 - (-293 - -344).
36
Calculate -11 - (-18 + -9 + 27) - 20.
-31
Evaluate 165 + -42 + (31 - (-8 + 27)).
135
What is the value of (0 - (-1 - -26)) + (28 - -1) + (389 - 412)?
-19
Calculate -51 + (-78 - (-61 + -66)).
-2
Evaluate (32 - (36 + -47 + 33)) + -168.
-158
What is the value of -9 + (2 + 4 + 1 - (50 - 42)) + -12?
-22
Calculate (13 - (-7 - (-8 - 13) - -11)) + 16 + -52.
-48
Evaluate 10 + 52 + 52 + -20 + -20.
74
Calculate (-16 - -26 - -108) + -27 + -30.
61
7 + 1 - (2412 + -2376 - (0 - -79))
51
What is (188 + -149 - (1 + -4 + 4)) + -12?
26
Evaluate 66 + (13 - 81) + 55.
53
Calculate -18 + 0 + -13 + ((-10 - -36) + 25 - 37).
-17
What is -43 - ((-44 - (-17 - -14)) + 18)?
-20
Calculate (-14 - -10) + (-23 - -28) - (-23 - -2).
22
What is the value of -54 - (-10 + 38 - (-75 - -112))?
-45
What is the value of (-24 - (17 + -14 - 5 - 15)) + 36?
29
What is 9 + 20 + (9 - (-11 - -8))?
41
What is the value of 283 + -261 - (-1 + -45) - 27?
41
Calculate 11 - -3 - (37 - 2) - (2 + -10 + -1).
-12
Calculate -33 + -105 + 112 + 4 + 0 + 12.
-10
Calculate -11 - (-109 + -4 - (-22 + 29 - 5)).
104
What is the value of 1516 + -1521 - (3 - (30 - -4))?
26
Evaluate (-59 - (-24 + 13)) + 169.
121
8 - ((19 - 20) + 18 + -23)
14
16 - (-6 - (16